{"id":526,"date":"2019-09-11T21:07:07","date_gmt":"2019-09-11T20:07:07","guid":{"rendered":"https:\/\/show.kecb.ch\/?page_id=526"},"modified":"2025-09-25T00:59:23","modified_gmt":"2025-09-24T22:59:23","slug":"aussteller","status":"publish","type":"page","link":"https:\/\/show.kecb.ch\/index.php\/aussteller\/","title":{"rendered":"Aussteller"},"content":{"rendered":"\t\t<div data-elementor-type=\"wp-page\" data-elementor-id=\"526\" class=\"elementor elementor-526\">\n\t\t\t\t<div class=\"elementor-element elementor-element-1808e65b e-flex e-con-boxed e-con e-parent\" data-id=\"1808e65b\" data-element_type=\"container\" data-e-type=\"container\">\n\t\t\t\t\t<div class=\"e-con-inner\">\n\t\t\t\t<div class=\"elementor-element elementor-element-12a2a015 elementor-widget elementor-widget-text-editor\" data-id=\"12a2a015\" data-element_type=\"widget\" data-e-type=\"widget\" data-widget_type=\"text-editor.default\">\n\t\t\t\t<div class=\"elementor-widget-container\">\n\t\t\t\t\t\t\t\t\t<div id=\"about-1\" class=\"about-image-text content-section content-section-spacing\" style=\"background-color: #ffffff;\" data-label=\"About\" data-id=\"about--1\" data-export-id=\"about-image-text\" data-category=\"about\"><div class=\"gridContainer\"><div class=\"row\"><div class=\"col-sm-6 flexbox-strech center-xs middle-xs no-gutter-col\"><div class=\"shadow-large overlap-right-large flexbox middle-xs center-xs left-img\" style=\"background-image: url('https:\/\/show.kecb.ch\/wp-content\/uploads\/2019\/08\/cropped-schwarzen-hintergrund-mit-dem-gesicht-von-einer-schwarzen-katze-mit-gelbe-augen-2.jpg');\" data-bg=\"image\">\u00a0<\/div><\/div><div class=\"col-sm-6 space-bottom-xs col-padding-small-xs col-sm-padding-large bg-color5 white-text content-col\" data-type=\"column\"><p>Gesch\u00e4tzte Aussteller.<br \/>Wir m\u00f6chten Sie nochmals auf die geltenden Vorschriften hinweisen, die aktuell in der Schweiz bez\u00fcglich einer Katzenausstellung g\u00fcltig sind.<\/p><p>S\u00e4mtliche Informationen betreffend dem Tierschutzgesetz finden Sie hier:<\/p><ul><li><a href=\"https:\/\/www.fedlex.admin.ch\/eli\/cc\/2008\/414\/de\" target=\"_blank\" rel=\"noopener\">Tierschutzgesetz<\/a><\/li><li><a href=\"https:\/\/www.fedlex.admin.ch\/eli\/cc\/2008\/416\/de\" target=\"_blank\" rel=\"noopener\">Verordnung zum Tierschutzgesetz<\/a><\/li><li><a href=\"https:\/\/show.kecb.ch\/wp-content\/uploads\/2022\/09\/FachinformationKatzenausstellungen.pdf\" target=\"_blank\" rel=\"noopener\">Fachinformation 18.3 Katzenausstellung<\/a><\/li><\/ul><p><a href=\"https:\/\/show.kecb.ch\/index.php\/tierschutz\/\">Auf unserer Seite haben wir dies alles zusammengefasst<\/a><\/p><p>Sollte es Unklarheiten geben, stehen wir Euch gerne mit Antworten zur Verf\u00fcgung.<\/p><p>\u00a0<\/p><p><strong>Das Motto der diesj\u00e4hrigen Ausstellung des KECB ist: Cartoons<\/strong><\/p><p>Wie jedes Jahr sind wir auf euer K\u00e4figdekorationen und eure Kost\u00fcme gespannt.<\/p><p>\u00a0<\/p><h3><span style=\"color: #ff0000;\"><strong>Am Sonntag pr\u00e4mieren wir die beste K\u00e4figdekoration<\/strong><\/span><\/h3><p>Wir sind gespannt und freuen uns, Euch in Burgdorf zu begr\u00fcssen.<\/p><p>Der Vorstand des KECB<\/p><\/div><\/div><\/div><\/div>\t\t\t\t\t\t\t\t<\/div>\n\t\t\t\t<\/div>\n\t\t\t\t\t<\/div>\n\t\t\t\t<\/div>\n\t\t\t\t<\/div>\n\t\t","protected":false},"excerpt":{"rendered":"<p>\u00a0 Gesch\u00e4tzte Aussteller.Wir m\u00f6chten Sie nochmals auf die geltenden Vorschriften hinweisen, die aktuell in der Schweiz bez\u00fcglich einer Katzenausstellung g\u00fcltig sind. S\u00e4mtliche Informationen betreffend dem Tierschutzgesetz finden Sie hier: Tierschutzgesetz Verordnung zum Tierschutzgesetz Fachinformation 18.3 Katzenausstellung Auf unserer Seite haben wir dies alles zusammengefasst Sollte es Unklarheiten geben, stehen wir Euch gerne mit Antworten zur [&hellip;]<\/p>\n","protected":false},"author":1,"featured_media":0,"parent":0,"menu_order":0,"comment_status":"closed","ping_status":"closed","template":"","meta":{"_kadence_starter_templates_imported_post":false,"footnotes":""},"class_list":["post-526","page","type-page","status-publish","hentry"],"_links":{"self":[{"href":"https:\/\/show.kecb.ch\/index.php\/wp-json\/wp\/v2\/pages\/526","targetHints":{"allow":["GET"]}}],"collection":[{"href":"https:\/\/show.kecb.ch\/index.php\/wp-json\/wp\/v2\/pages"}],"about":[{"href":"https:\/\/show.kecb.ch\/index.php\/wp-json\/wp\/v2\/types\/page"}],"author":[{"embeddable":true,"href":"https:\/\/show.kecb.ch\/index.php\/wp-json\/wp\/v2\/users\/1"}],"replies":[{"embeddable":true,"href":"https:\/\/show.kecb.ch\/index.php\/wp-json\/wp\/v2\/comments?post=526"}],"version-history":[{"count":18,"href":"https:\/\/show.kecb.ch\/index.php\/wp-json\/wp\/v2\/pages\/526\/revisions"}],"predecessor-version":[{"id":2695,"href":"https:\/\/show.kecb.ch\/index.php\/wp-json\/wp\/v2\/pages\/526\/revisions\/2695"}],"wp:attachment":[{"href":"https:\/\/show.kecb.ch\/index.php\/wp-json\/wp\/v2\/media?parent=526"}],"curies":[{"name":"wp","href":"https:\/\/api.w.org\/{rel}","templated":true}]}}