{"id":354,"date":"2019-08-10T11:45:22","date_gmt":"2019-08-10T10:45:22","guid":{"rendered":"https:\/\/show.kecb.ch\/?page_id=354"},"modified":"2023-10-06T22:15:52","modified_gmt":"2023-10-06T20:15:52","slug":"kataloginfo","status":"publish","type":"page","link":"https:\/\/show.kecb.ch\/index.php\/kataloginfo\/","title":{"rendered":"Katalog-Info"},"content":{"rendered":"<p style=\"text-align: left;\">Gesch\u00e4tzte Aussteller, gesch\u00e4tzte Besucher<\/p>\n<p style=\"text-align: left;\">Der KECB verzichtet auch dieses Jahr, aus Nachhaltigkeit, auf den klassischen gedruckten Katalog.<br \/>\nF\u00fcr die Besucher, wie auch f\u00fcr die Aussteller, wird der Katalog nur noch im PDF Format zum Download zur Verf\u00fcgung gestellt.<br \/>\nAuf ausdr\u00fccklichen Wunsch kann ein \u201cKurzkatalog\u201d in Papierform abgegeben werden (St\u00fcckzahl beschr\u00e4nkt).<\/p>\n<p style=\"text-align: left;\">Am 14. Oktober 2023 um 07:00 Uhr wird der unten stehender Link aktiv sein und der Katalog unserer Ausstellung zum Download zur Verf\u00fcgung stehen.<\/p>\n<p><a href=\"https:\/\/show.kecb.ch\/index.php\/katalog\/\">https:\/\/show.kecb.ch\/index.php\/katalog\/<\/a><\/p>\n\n<p style=\"text-align: left;\">Sie haben dann zwei M\u00f6glichkeiten den Katalog auf Ihr Mobile-Ger\u00e4t (Smartphone \/ Tablett)\u00a0 zu laden:<\/p>\n<ol>\n<li style=\"text-align: left;\">direkt hier auf dieser Seite, oder<\/li>\n<li style=\"text-align: left;\">bequem via QR-Code<\/li>\n<\/ol>\n<p><img fetchpriority=\"high\" decoding=\"async\" src=\"https:\/\/show.kecb.ch\/wp-content\/uploads\/2022\/09\/QR-Code-Katalog-213x300.jpg\" alt=\"\" width=\"213\" height=\"300\" \/><\/p>\n<p>Diese QR-Code\u2019s werden in der ganzen Halle anzutreffen sein.<\/p>\n","protected":false},"excerpt":{"rendered":"<p>Gesch\u00e4tzte Aussteller, gesch\u00e4tzte Besucher Der KECB verzichtet auch dieses Jahr, aus Nachhaltigkeit, auf den klassischen gedruckten Katalog. F\u00fcr die Besucher, wie auch f\u00fcr die Aussteller, wird der Katalog nur noch im PDF Format zum Download zur Verf\u00fcgung gestellt. Auf ausdr\u00fccklichen Wunsch kann ein \u201cKurzkatalog\u201d in Papierform abgegeben werden (St\u00fcckzahl beschr\u00e4nkt). Am 14. Oktober 2023 um [&hellip;]<\/p>\n","protected":false},"author":1,"featured_media":0,"parent":0,"menu_order":0,"comment_status":"closed","ping_status":"closed","template":"","meta":{"_kadence_starter_templates_imported_post":false,"footnotes":""},"class_list":["post-354","page","type-page","status-publish","hentry"],"_links":{"self":[{"href":"https:\/\/show.kecb.ch\/index.php\/wp-json\/wp\/v2\/pages\/354","targetHints":{"allow":["GET"]}}],"collection":[{"href":"https:\/\/show.kecb.ch\/index.php\/wp-json\/wp\/v2\/pages"}],"about":[{"href":"https:\/\/show.kecb.ch\/index.php\/wp-json\/wp\/v2\/types\/page"}],"author":[{"embeddable":true,"href":"https:\/\/show.kecb.ch\/index.php\/wp-json\/wp\/v2\/users\/1"}],"replies":[{"embeddable":true,"href":"https:\/\/show.kecb.ch\/index.php\/wp-json\/wp\/v2\/comments?post=354"}],"version-history":[{"count":29,"href":"https:\/\/show.kecb.ch\/index.php\/wp-json\/wp\/v2\/pages\/354\/revisions"}],"predecessor-version":[{"id":2253,"href":"https:\/\/show.kecb.ch\/index.php\/wp-json\/wp\/v2\/pages\/354\/revisions\/2253"}],"wp:attachment":[{"href":"https:\/\/show.kecb.ch\/index.php\/wp-json\/wp\/v2\/media?parent=354"}],"curies":[{"name":"wp","href":"https:\/\/api.w.org\/{rel}","templated":true}]}}