{"id":155,"date":"2019-06-04T05:32:52","date_gmt":"2019-06-04T05:32:52","guid":{"rendered":"https:\/\/show.kecb.ch\/?page_id=155"},"modified":"2023-10-08T08:55:26","modified_gmt":"2023-10-08T06:55:26","slug":"tierschutz","status":"publish","type":"page","link":"https:\/\/show.kecb.ch\/index.php\/tierschutz\/","title":{"rendered":"Tierschutz"},"content":{"rendered":"&nbsp;\r\n\r\n&nbsp;\r\n<p style=\"text-align: left;\">Werte Aussteller,<\/p>\r\n<p style=\"text-align: left;\">bitte lesen sie diese Informationen aufmerksam durch. Bei Unklarheiten oder Fragen k\u00f6nnen sie sich an <a href=\"mailto:ausstellung@kecb.ch\">ausstellung@kecb.ch<\/a> wenden. Das geltende Tierschutzgesetz der Schweiz und dessen Verordnungen\r\nm\u00fcssen Teilnehmer von Ausstellung einhalten. Im Besonderen sind die Vorgaben der Fachinformation einzuhalten. Diese werden durch den KECB sowie durch das Veterin\u00e4ramt des Kanton Berns kontrolliert.\r\nIn der Verordnung des Gesetzes unter\r\n<a class=\"\" href=\"https:\/\/www.admin.ch\/opc\/de\/classified-compilation\/20080796\/index.html\/#a3\" target=\"_blank\" rel=\"noopener noreferrer\">Kapitel 2, Artikel\u00a0 3<\/a> ist der Grundsatz der Haltung festgelegt.<\/p>\r\n<p style=\"text-align: left;\">Auszug des Textes: \u201eUnterk\u00fcnfte und Gehege m\u00fcssen mit geeigneten Futter-, Tr\u00e4nke-, Kot- und Harnpl\u00e4tzen, Ruhe- und R\u00fcckzugsorten mit Deckung, Besch\u00e4ftigungsm\u00f6glichkeiten, K\u00f6rperpflegeeinrichtungen und Klimabereichen versehen\r\nsein.\u201c<\/p>\r\n<p style=\"text-align: left;\">Im weitern wird unter den\r\n<a class=\"\" href=\"https:\/\/www.admin.ch\/opc\/de\/classified-compilation\/20080796\/index.html\/#a30a\" target=\"_blank\" rel=\"noopener noreferrer\">Artikeln 30a und 30b<\/a> der Umgang mit Tieren an Veranstaltungen beschrieben. Zu einer solchen Veranstaltung im Sinne des Gesetzes geh\u00f6rt auch die Internationale Katzenausstellung des KECB in Burgdorf.<\/p>\r\n<p style=\"text-align: left;\">Der Vorstand des KECB und das Kantonale Verterin\u00e4ramt des Kantons Berns stehen im engen Dialog zu diesem Thema.<\/p>\r\n\r\n<h4 style=\"text-align: center;\"><strong>An einer Sitzung (KECB \/ kant. vet. Amt) wurden folgende Punkte besprochen und werden anl\u00e4sslich der Internationalen Katzenausstellung des KECB umgesetzt.<\/strong><\/h4>\r\n<div id=\"about-1\" class=\"about-text-image content-section content-section-spacing\" style=\"background-color: #f5fafd;\" data-label=\"About\" data-id=\"about--1\" data-export-id=\"about-text-image\" data-category=\"about\">\r\n<div class=\"gridContainer\">\r\n<div class=\"row\">\r\n<div class=\"col-sm-6 col-padding-small-xs col-sm-padding-large bg-color5 white-text content-col\" data-type=\"column\">\r\n<h4>K\u00e4fige:\r\nF\u00fcr folgende Rassen wird ab der Klasse 10 ein Doppelk\u00e4fig vergeben!<\/h4>\r\n<ul class=\"\">\r\n \t<li style=\"text-align: left;\">Ragdoll<\/li>\r\n \t<li style=\"text-align: left;\">Maine Coon (bereits ab Klasse 11)<\/li>\r\n \t<li style=\"text-align: left;\">Neva Masquerade<\/li>\r\n \t<li style=\"text-align: left;\">Norwegische Waldkatze<\/li>\r\n \t<li style=\"text-align: left;\">Sibirer<\/li>\r\n \t<li style=\"text-align: left;\">Bengal<\/li>\r\n \t<li style=\"text-align: left;\">Chartreux (Kart\u00e4user)<\/li>\r\n \t<li style=\"text-align: left;\">Balinese<\/li>\r\n \t<li style=\"text-align: left;\">Oriental Lang- und Kurzhaar<\/li>\r\n \t<li style=\"text-align: left;\">Peterbald<\/li>\r\n \t<li style=\"text-align: left;\">Siamese<\/li>\r\n \t<li>alle Katzen ab 4 kg<\/li>\r\n<\/ul>\r\n<p class=\"\" style=\"text-align: left;\">Dies heisst, der Aussteller muss Material f\u00fcr einen Doppelkafig mitnehmen.<\/p>\r\n<p class=\"\" style=\"text-align: left;\">Zwei Katzen (z.B. NFO der Klasse 10) d\u00fcrfen in einen Doppelk\u00e4fig.<\/p>\r\n<p class=\"\" style=\"text-align: left;\">Hat der Aussteller eine dritte Katze ab der Klasse 10 dabei, muss diese in einen zweiten Doppelk\u00e4fig.<\/p>\r\n<p class=\"\" style=\"text-align: left;\">Bitte achten Sie auf die zugeteilten K\u00e4fige auf Ihrer Best\u00e4tigung.<\/p>\r\n\r\n<\/div>\r\n<div id=\"about-1\" class=\"about-text-image content-section content-section-spacing\" style=\"background-color: #f5fafd;\" data-label=\"About\" data-id=\"about--1\" data-export-id=\"about-text-image\" data-category=\"about\">\r\n<div class=\"gridContainer\">\r\n<div class=\"row\">\r\n<div class=\"col-sm-6 col-padding-small-xs col-sm-padding-large bg-color5 white-text content-col\" data-type=\"column\">\r\n<h4>Einrichtung:\r\nZu der obligatorischen Einrichtung gem\u00e4ss Ausschreibung, sind folgende Angaben zu beachten!<\/h4>\r\n<ul class=\"\">\r\n \t<li style=\"text-align: left;\">Auf der Seite der Zuschauer <strong>muss<\/strong> der K\u00e4fig \u00fcber einen Sichtschutz von 1\/3 \u00fcber die ganze H\u00f6he verf\u00fcgen.\r\n<img decoding=\"async\" class=\"alignnone size-medium wp-image-396\" src=\"https:\/\/show.kecb.ch\/wp-content\/uploads\/2019\/08\/schutz-300x88.jpg\" sizes=\"(max-width: 300px) 100vw, 300px\" srcset=\"https:\/\/show.kecb.ch\/wp-content\/uploads\/2019\/08\/schutz-300x88.jpg 300w, https:\/\/show.kecb.ch\/wp-content\/uploads\/2019\/08\/schutz.jpg 589w\" alt=\"\" width=\"300\" height=\"88\" \/><\/li>\r\n \t<li style=\"text-align: left;\">Im weiteren muss die K\u00e4figverkleidung so gew\u00e4hlt werden, dass eine ausreichende L\u00fcftung gew\u00e4hrleistet ist. Dies heisst, dass Plastikverkleidungen gegen Netze getauscht werden m\u00fcssen.<\/li>\r\n \t<li style=\"text-align: left;\"><strong>Netze sind auf der Seite gegen das Publikum obligatorisch!<\/strong>\r\n<img fetchpriority=\"high\" decoding=\"async\" class=\"alignnone size-medium wp-image-1622\" src=\"https:\/\/show.kecb.ch\/wp-content\/uploads\/2022\/09\/kaefigschutznetz-226x300.jpg\" alt=\"\" width=\"226\" height=\"300\" srcset=\"https:\/\/show.kecb.ch\/wp-content\/uploads\/2022\/09\/kaefigschutznetz-226x300.jpg 226w, https:\/\/show.kecb.ch\/wp-content\/uploads\/2022\/09\/kaefigschutznetz.jpg 376w\" sizes=\"(max-width: 226px) 100vw, 226px\" \/><\/li>\r\n<\/ul>\r\n&nbsp;\r\n<ul class=\"\">\r\n \t<li><span style=\"color: #0000ff;\"><a style=\"color: #0000ff;\" href=\"https:\/\/show.kecb.ch\/wp-content\/uploads\/2023\/06\/D-Fachinformation-18.3-Katzenausstellungen.pdf\" target=\"_blank\" rel=\"noopener\">Die Fachinformation 18.3 des BLV regelt das Tierschutzgesetz auf Bundesebene. F\u00fcr die Einhaltung der Vorgaben ist der entsprechende Kanton und der Veranstalter verantwortlich.<\/a><\/span>\r\n<h4 style=\"text-align: left;\">Ausstellungsverbot f\u00fcr Katzen mit zuchtbedingten Belastungsmerkmalen\r\nFachinformation 18.3<\/h4>\r\n<\/li>\r\n \t<li>Brachyzephale Katzenindividuen der Rassen Perser, Exotic Shorthair, British Shorthair und\r\nBurma, die Anzeichen von chronischem Tr\u00e4nenfluss oder Atembeschwerden aufweisen, vgl.\r\nAnhang 2 Ziff 2.1 TSchZV. Das heisst:\r\n<ul class=\"\">\r\n \t<li style=\"text-align: left;\">Katzen mit Verf\u00e4rbung in der Augenfalte, die durch chronischen Tr\u00e4nenfluss verursacht sind, sind von der Ausstellung zu weisen.<\/li>\r\n \t<li style=\"text-align: left;\">Katzen mit Atemger\u00e4uschen sind von der Ausstellung zu weisen<\/li>\r\n<\/ul>\r\n<\/li>\r\n \t<li style=\"text-align: left;\">Sphinx und andere Nacktkatzen, Devon Rex und weitere Rexkatzen sowie andere Individuen\r\nmit verk\u00fcmmerten oder fehlenden Tasthaaren, vgl. Anhang 2 Ziff. 4.3 TSchZV. Das heisst:\r\n<ul class=\"\">\r\n \t<li>Fehlende Tasthaare sind klar und die Katze ist von der Ausstellung zu weisen<\/li>\r\n \t<li>Verk\u00fcmmerte Tasthaare:\r\n<img decoding=\"async\" class=\"alignnone size-medium wp-image-2161\" src=\"https:\/\/show.kecb.ch\/wp-content\/uploads\/2023\/09\/devonrexklein-213x300.jpg\" alt=\"\" width=\"213\" height=\"300\" srcset=\"https:\/\/show.kecb.ch\/wp-content\/uploads\/2023\/09\/devonrexklein-213x300.jpg 213w, https:\/\/show.kecb.ch\/wp-content\/uploads\/2023\/09\/devonrexklein.jpg 537w\" sizes=\"(max-width: 213px) 100vw, 213px\" \/>\r\nDiese Katze w\u00fcrde an der Ausstellung nicht beanstandet.\r\nSie hat unten zwei Tasthaarstummel, die eindeutig zu kurz sind. Die oberen Haare sind aber gerade und nicht gekr\u00e4uselt und sind somit funktionell.<\/li>\r\n<\/ul>\r\n<\/li>\r\n \t<li>Weisse oder \u00fcberwiegend weisse Katzen mit blauen, orangen oder gr\u00fcnen Augen\r\nverschiedener Rassen wie Foreign White, T\u00fcrkische Angora, T\u00fcrkisch Van-Katze,\r\nPerserkatzen etc., deren H\u00f6rf\u00e4higkeit nicht durch ein Tierarztattest belegt werden kann, vgl.\r\nAnhang 2 Ziff. 4.2 TSchZV. Das heisst:\r\n<ul class=\"\">\r\n \t<li>Nebst allen weissen Katzen mit einem Audiometrietest, <strong>ben\u00f6tigen alle Katzen mit einem Weiss-Anteil vom 01 und 02 ein tier\u00e4rztliches Attest (kein Audiometrietest), dass die Katze h\u00f6rt.<\/strong><\/li>\r\n<\/ul>\r\n<\/li>\r\n<\/ul>\r\n<\/div>\r\n<\/div>\r\n<\/div>\r\n<\/div>\r\n<\/div>\r\n<\/div>\r\n&nbsp;\r\n\r\n<\/div>","protected":false},"excerpt":{"rendered":"<p>&nbsp; &nbsp; Werte Aussteller, bitte lesen sie diese Informationen aufmerksam durch. Bei Unklarheiten oder Fragen k\u00f6nnen sie sich an ausstellung@kecb.ch wenden. Das geltende Tierschutzgesetz der Schweiz und dessen Verordnungen m\u00fcssen Teilnehmer von Ausstellung einhalten. Im Besonderen sind die Vorgaben der Fachinformation einzuhalten. Diese werden durch den KECB sowie durch das Veterin\u00e4ramt des Kanton Berns kontrolliert. [&hellip;]<\/p>\n","protected":false},"author":1,"featured_media":0,"parent":0,"menu_order":0,"comment_status":"closed","ping_status":"closed","template":"","meta":{"_kadence_starter_templates_imported_post":false,"footnotes":""},"class_list":["post-155","page","type-page","status-publish","hentry"],"_links":{"self":[{"href":"https:\/\/show.kecb.ch\/index.php\/wp-json\/wp\/v2\/pages\/155","targetHints":{"allow":["GET"]}}],"collection":[{"href":"https:\/\/show.kecb.ch\/index.php\/wp-json\/wp\/v2\/pages"}],"about":[{"href":"https:\/\/show.kecb.ch\/index.php\/wp-json\/wp\/v2\/types\/page"}],"author":[{"embeddable":true,"href":"https:\/\/show.kecb.ch\/index.php\/wp-json\/wp\/v2\/users\/1"}],"replies":[{"embeddable":true,"href":"https:\/\/show.kecb.ch\/index.php\/wp-json\/wp\/v2\/comments?post=155"}],"version-history":[{"count":20,"href":"https:\/\/show.kecb.ch\/index.php\/wp-json\/wp\/v2\/pages\/155\/revisions"}],"predecessor-version":[{"id":2285,"href":"https:\/\/show.kecb.ch\/index.php\/wp-json\/wp\/v2\/pages\/155\/revisions\/2285"}],"wp:attachment":[{"href":"https:\/\/show.kecb.ch\/index.php\/wp-json\/wp\/v2\/media?parent=155"}],"curies":[{"name":"wp","href":"https:\/\/api.w.org\/{rel}","templated":true}]}}